et r(z) = 3*z - 4. Suppose -4*n - 62 = -3*n. Let x = 317 + -252. Let t = x + n. What is r(t)?
5
Let o(u) = -1422*u - 86 + 4222*u - 1411*u - 1410*u. Determine o(-4).
-2
Let x be 1 - ((-832)/1)/4. Let g(k) = -3 - 210*k + x*k - 2. Give g(-4).
-1
Let f(l) = -l**3 + 11*l**2 - l - 12. Suppose 601*b - 2348 = 2696 + 365. Determine f(b).
141
Let u(l) = -l**3 - 8*l**2 - 8*l - 15. Suppose 0 = y - 2*d - 0*d - 11, 2*y - d = 34. Suppose 5*m = -16 - y. Determine u(m).
-8
Let b(h) = 44*h + 2 - 1 - 43*h - 2. Let v = -61 - -105. Suppose v = -4*a + 2*j + 2*j, 5*a + 35 = -5*j. Determine b(a).
-10
Let a(p) = 3*p + 53. Let r be a(-21). Let s(z) be the second derivative of -z**5/20 - 11*z**4/12 - 11*z**3/6 + 6*z - 64. What is s(r)?
10
Let p(m) = m - 12. Let k be (-1 + 10)/((-81)/1566). Let t = k + 183. Give p(t).
-3
Suppose -3*v - 85 + 83 = h, -4*h + 48 = -2*v. Let z(d) = -d**3 + 9*d**2 + 12*d + 7. Calculate z(h).
27
Let p be ((45 - 7) + 0)/2. Let i = 36 - 54. Let c = i + p. Let z(l) = -2*l - 1. Determine z(c).
-3
Let u(s) = 8*s - 6. Let n(y) be the second derivative of -7*y**3/6 + 7*y**2/2 + y + 7. Let r(t) = -7*n(t) - 6*u(t). Give r(9).
-4
Let d(r) be the first derivative of 1/2*r**2 - 1/4*r**4 + 14*r - 13/3*r**3 + 38. What is d(-13)?
1
Let m = 43216 + -43226. Let u(b) be the first derivative of -4 - 1/2*b**2 - 12*b. What is u(m)?
-2
Let c(b) = 185 + 7*b**2 + 197 - b**3 + 20*b - 391. Give c(9).
9
Let h(n) = -n**2 - 8*n - 6. Let l(o) be the second derivative of o**4/12 + 5*o**3/6 - 5*o**2/2 + o. Let k be 2/(12/(-8)*36/135). Let j be l(k). Calculate h(j).
9
Let s = -3288 + 3291. Let t(w) be the third derivative of -8/3*w**s - 1/60*w**5 + 6*w**2 + 0 + 0*w**4 + 0*w. Determine t(0).
-16
Let s(b) be the second derivative of 0*b**2 + 0 + 5/12*b**4 - 8*b + 1/120*b**5 + 1/6*b**3. Let v(x) be the second derivative of s(x). Calculate v(-6).
4
Let y(h) be the third derivative of 48*h**2 + 1/24*h**4 + 1/120*h**6 + 0*h + 1/30*h**5 + 0 + 2/3*h**3. Calculate y(-4).
-32
Suppose -6*s + 5*b = 21, -18 + 37 = -4*s + 5*b. Let k(c) = 5*c**2 - 2*c - 4. What is k(s)?
3
Let q(p) be the third derivative of p**5/120 + 5*p**4/24 + 5*p**3/2 - 2*p**2. Let c(u) be the first derivative of q(u). Determine c(-6).
-1
Let k = -8 - -6. Let w = -104 + 106. Let r(q) = 2*q - 1 - 3*q**3 + 11*q**w + 0*q - 5*q**2 - 7*q**2. What is r(k)?
15
Let m(d) be the first derivative of -d**3/3 + 7*d - 3211. Calculate m(0).
7
Let y(s) be the third derivative of 1/8*s**4 - 9*s**2 + 1/2*s**3 + 0*s + 0. Calculate y(5).
18
Let q(u) be the second derivative of 3*u**5/20 + u**4/4 - u**3/2 - u**2 + 1346*u. Calculate q(-4).
-134
Let g(m) = 43*m + 15. Let d(o) = 99*o + 31. Let p(k) = 3*d(k) - 7*g(k). Determine p(-9).
24
Let u(s) = s**3 + 5*s**2 + 3*s - 2. Let p(v) = 3*v - 10*v + 7*v - 2 - v. Let o be p(4). Let w be ((9/(-6))/1)/(o/(-12)). Give u(w).
7
Suppose 12*l + 50 = 74. Let d(q) be the third derivative of -5/24*q**4 - 7/6*q**3 + 2*q**l + 0*q + 0 + 1/60*q**5. Determine d(7).
7
Let m(r) be the second derivative of -r**3/6 - 4*r**2 - r. Let b be (-8)/(-8)*(174 - 184). Calculate m(b).
2
Let i(o) be the second derivative of 1 + 1/6*o**3 + 23*o + 1/2*o**2. Calculate i(10).
11
Let x be 17 + (-30)/12*2. Let h(p) = -x*p - 13*p - 17*p + 45*p - 2. What is h(-5)?
-17
Let r(i) = -i**3 + 7*i**2 - 10*i + 9. Suppose 2*c = -5*w - 1, -2*c + 3*w + 16 = -7. Let a = c - -43. Let x = a + -44. Calculate r(x).
-15
Let x(f) be the second derivative of 0 + 1/2*f**2 + 4/3*f**3 + 33*f - 1/12*f**4. Give x(8).
1
Let r(q) = 4*q**3 - 10*q**2 - q - 61. Let p(a) = 3*a**3 - 10*a**2 - 3*a - 55. Let f(z) = -5*p(z) + 4*r(z). What is f(-9)?
13
Let x(q) = 7*q**2 - q - 1 + 0 - 8*q**2. Suppose -3*f + 99 = -4*u, 0 = 5*u + 11*f - 8*f + 117. Let k be 4*(78/u - -3). What is x(k)?
-1
Let q(b) be the first derivative of b**3/3 - 39*b**2/2 + 69*b - 10924. Calculate q(37).
-5
Let o(j) = j**2 - 4*j + 3. Let y(m) = m**2 + 17*m - 12. Let d(s) = -s**2 + s. Let u(a) = 2*d(a) + y(a). Suppose 4*f = f + 54. Let i be u(f). What is o(i)?
15
Let y = 5 - 11. Let r(z) be the third derivative of z**5/60 + 7*z**4/24 - 7*z**3/6 - 1972*z**2. Determine r(y).
-13
Suppose -a = -25 + 99. Let q = 77 + a. Let r(p) = q*p + 6 + 13*p - 17*p + p**2. What is r(0)?
6
Let y(m) = 21*m**3 - 1 + 24*m + 0*m**3 - 5*m**3 + 22*m**2 - 17*m**3. Give y(23).
22
Let m(j) be the second derivative of -j**4/12 - j**3/3 + j**2/2 + 55*j + 1. Let q = -8 - -13. Suppose 1 = 6*c - q. Determine m(c).
-2
Suppose 0 = 5*y + 4 - 24. Suppose 0 = -2*t + y. Suppose -4*k - n = 1, 5 = -2*k - 3*n + t. Let u(b) = -b**2. Determine u(k).
0
Let i(s) = -1 + 5*s**2 + s**3 + 16 + 21 - 8*s. Let n be i(-7). Let v(b) = b**2 + 6*b - 1. Calculate v(n).
-1
Suppose -h - 3*h - 5*j + 62 = 0, -j = 2*h - 34. Let a = h + -19. Let d be (-1)/2 - a/(-2). Let t(o) = 13*o**2. Give t(d).
13
Let y(c) = 3*c**3 + 8*c**2 - 21*c - 21. Let n(q) = 17*q**3 + 40*q**2 - 106*q - 116. Let x(z) = 2*n(z) - 11*y(z). Determine x(4).
11
Let z(w) = -w - 2. Let i be -6*(-2)/18 - (-8)/(-12). Calculate z(i).
-2
Let x(k) be the first derivative of 5*k**2 - 79*k - 1583. What is x(7)?
-9
Let j(h) be the third derivative of -2*h**2 + 51*h - 5/3*h**3 + 0 - 1/24*h**4. Determine j(-5).
-5
Let w(p) = -40*p - 124. Let h(o) = -18*o - 59. Let i(c) = -5*h(c) + 2*w(c). What is i(-2)?
27
Let i be (-2)/((-5)/10*1). Let u(q) be the second derivative of q**4/12 - 7*q**3/6 + 5*q**2/2 - 81*q + 2. Determine u(i).
-7
Let x(w) = 0*w + 4*w + 5*w**2 - w + 2. Let g = 8315 - 8317. Give x(g).
16
Let c(z) be the third derivative of z**6/360 - z**4/6 + 4*z**3 + 136*z**2. Let g(o) be the first derivative of c(o). Calculate g(0).
-4
Let s(q) be the first derivative of -9/2*q**2 + 17*q - 1/3*q**3 + 136. Calculate s(-11).
-5
Suppose 16*q - 4810 = 3158. Let m = q + -495. Let v(x) = -6*x - 1. Give v(m).
-19
Let f(n) = 2*n + 6. Let q be f(-4). Let m(c) = 8*c**3 - 3*c**2 - 27*c - 11. Let v(x) = 2*x**3 - x**2 - 8*x - 3. Let t(r) = -2*m(r) + 7*v(r). What is t(q)?
17
Let u(h) = h**3 + h**2 + h + 1. Let n(w) = 5*w**3 + 9*w**2 + 13*w + 1. Suppose -2*a + 27 = 5*d, -4*d - 10 = -2*a - 28. Let s(m) = a*n(m) - 6*u(m). What is s(4)?
7
Let o(q) = -2*q + 1. Let t(i) = 7*i - 21. Let m(d) = -4*o(d) - t(d). Let g be 7 - 4 - (11 + 3). What is m(g)?
6
Suppose 17*q - 20*q + 9 = 0. Suppose -q*t = 3*l, 0 = 18*t - 23*t + l - 30. Let x(j) = -j**2 - 2*j - 6. Give x(t).
-21
Let r = -12 + 13. Let f(w) = w**2 + 1. Let d(i) = -3. Let l(k) = r*d(k) + 2*f(k). Give l(-1).
1
Let c(b) be the first derivative of -6*b + 1/2*b**2 + 1/4*b**4 - 18 - 7/3*b**3. Give c(7).
1
Let p(z) = z**2 + 3*z - 24. Suppose y + 3*o = 19, 10*y - 3 = 13*y - 3*o. Calculate p(y).
4
Suppose t + 4*x - 16 = 0, t + 2*x - 10 = -0*t. Let b(r) be the third derivative of r**5/60 - r**4/8 + 5*r**3/6 + r**2 + 61*r + 10. Calculate b(t).
9
Let l(n) be the third derivative of n**6/120 + n**5/12 - 5*n**4/24 - 2*n**3/3 + 12*n**2 + 61*n. Determine l(-5).
21
Let z(x) = -769*x - 808. Let p be z(-1). Let l(s) = s**3 + 38*s**2 - 37*s + 73. What is l(p)?
-5
Let w be 26/(-78) + (-20)/(-6). Suppose 0*s + 2*s = -2, -i - 5*s - w = 0. Let o(d) = -d**2 + d - 3. Determine o(i).
-5
Let d(v) = -7*v - 5*v + v**2 - v + 10 + 0*v. Let a be 5 + (-216)/24 + 12. Give d(a).
-30
Let x(a) be the second derivative of -a**3/6 + a**2/2 + 1555*a. Let u(t) = t**2 - 7*t - 2. Let j be u(6). Give x(j).
9
Let i(t) = -t**3 + 7*t**2 + 6*t + 14. Let m be ((-60)/(-21))/((-6)/21). Let k be (-80)/(-100)*(0 - m). What is i(k)?
-2
Let u(t) be the second derivative of -t**4/6 + t**3/3 - 1070*t. Calculate u(2).
-4
Let u(r) be the first derivative of r**6/360 + r**5/40 + r**4/12 - r**3 - 11*r + 60. Let q(o) be the third derivative of u(o). What is q(-3)?
2
Let p be 1 + 1 - (-5 + 5). Suppose 8 = 4*v + p*g, -2*g = -6*g - 16. Let b(r) = 66*r + 64*r - 129*r - v. What is b(5)?
1
Let z(t) be the first derivative of 1/6*t**3 + 17/2*t**2 - 1/6*t**4 + 0*t + 13. Let l(c) be the second derivative of z(c). Give l(-1).
5
Suppose -22*b = -100*b. Let s(l) = -l**2 + l - 4. Calculate s(b).
-4
Let k(r) = -4*r + 9. Let z(s) = -6*s + 14. Let d(y) = 8*k(y) - 5*z(y). Suppose -62 = -2*v + 32. Let q = v + -49. Determine d(q).
6
Let r(n) = 66*n + 7803. Let d be r(-118). Let o(g) = g**2 - 4*g - 158. Give o(d).
7
Suppose k + 2*j - 9 = 0, 0 = -76*k + 71